s 13 + 2000?
2013
In base 6, what is 20 - 25?
-5
In base 12, what is 140 + -5a?
a2
In base 6, what is 2 - 124?
-122
In base 15, what is -8 - -34?
2b
In base 5, what is 4 - -1241?
1300
In base 14, what is -124 + -4?
-128
In base 3, what is 12 + -1100021?
-1100002
In base 11, what is -369 + 0?
-369
In base 16, what is -2 - 19?
-1b
In base 14, what is 1 - dc3?
-dc2
In base 13, what is -15 - -6?
-c
In base 2, what is -1111111101 + 0?
-1111111101
In base 4, what is 30 + -232?
-202
In base 10, what is 1 - -3442?
3443
In base 12, what is -986 - -3?
-983
In base 13, what is 2c + -5?
27
In base 4, what is 331 - 32?
233
In base 13, what is 2 + 28?
2a
In base 7, what is -4 + 54?
50
In base 14, what is -2 + -356?
-358
In base 15, what is -5 - 1ac?
-1b2
In base 8, what is -1153 + 3?
-1150
In base 4, what is 2 - 1331030?
-1331022
In base 4, what is -1 + 331?
330
In base 14, what is 0 + -427?
-427
In base 3, what is 2 - 20211?
-20202
In base 10, what is -178 - 3?
-181
In base 9, what is 238 - -10?
248
In base 10, what is -3 + 113?
110
In base 5, what is -20313 + -10?
-20323
In base 7, what is 5 - 30?
-22
In base 6, what is -5 - -255?
250
In base 4, what is -20230 - 0?
-20230
In base 5, what is -4010 - -20?
-3440
In base 12, what is -b1 + 33?
-7a
In base 8, what is -1356 - 3?
-1361
In base 10, what is 65 - -19?
84
In base 14, what is 4 + a1c?
a22
In base 7, what is 1 + -6?
-5
In base 9, what is 476 + 4?
481
In base 14, what is a - 20?
-14
In base 11, what is -8 + 2a?
22
In base 8, what is -512 + -3?
-515
In base 2, what is -1001101101 - 1100?
-1001111001
In base 14, what is -136 + d?
-127
In base 13, what is -28a + -5?
-292
In base 11, what is 75 - -12?
87
In base 11, what is -10a + -1?
-110
In base 4, what is -13 + 2?
-11
In base 3, what is 2 - 202002?
-202000
In base 3, what is -1 - 10210102?
-10210110
In base 8, what is -2 - 25?
-27
In base 4, what is -11032 + 11?
-11021
In base 3, what is -2110002 - 11?
-2110020
In base 13, what is 1 + 26?
27
In base 4, what is -323 + -1?
-330
In base 4, what is -11 - 211130?
-211201
In base 2, what is -111 - 1001010110?
-1001011101
In base 11, what is -37 + -a5?
-131
In base 15, what is -135 - 45?
-17a
In base 10, what is -596 - -5?
-591
In base 4, what is -103 + -13310?
-20013
In base 5, what is 2 + -1020?
-1013
In base 16, what is -cd - -1?
-cc
In base 11, what is -3 + 32?
2a
In base 10, what is 4012 - 3?
4009
In base 2, what is 11001 - -1010?
100011
In base 7, what is -3 - 5146?
-5152
In base 16, what is 10d - -3?
110
In base 2, what is -10110 + -101010001?
-101100111
In base 10, what is -3 + -159?
-162
In base 12, what is 4 + 79a?
7a2
In base 4, what is -201 + 2?
-133
In base 7, what is -6 + -323?
-332
In base 13, what is -142 - 6?
-148
In base 8, what is 5 + -63?
-56
In base 10, what is 15 - -9?
24
In base 4, what is 1021 + -301?
120
In base 11, what is -780 - -4?
-777
In base 7, what is -5 + -1052?
-1060
In base 8, what is 4 + 124?
130
In base 5, what is 4 + 102?
111
In base 13, what is -1 - -144?
143
In base 6, what is -150 - -4?
-142
In base 9, what is 3175 + -4?
3171
In base 13, what is -5b0 - -5?
-5a8
In base 12, what is 41 + 7a?
bb
In base 3, what is 0 + -2000202?
-2000202
In base 12, what is 34 - -6b?
a3
In base 13, what is -190 + 2?
-18b
In base 11, what is -3 - aa7?
-aaa
In base 9, what is 106 - -3?
110
In base 8, what is 17 + -1344?
-1325
In base 13, what is 2 - -131?
133
In base 5, what is -12 + 131?
114
In base 5, what is 1113 - -110?
1223
In base 7, what is 25 - 0?
25
In base 6, what is -15 + -121?
-140
In base 7, what is 6635 - 2?
6633
In base 9, what is 156 - 10?
146
In base 13, what is -2 + -3b3?
-3b5
In base 2, what is -10 + 1010000?
1001110
In base 16, what is 3 + -8d5?
-8d2
In base 5, what is -3 - -434?
431
In base 3, what is -10000 - 102102?
-112102
In base 3, what is -1 - 12022?
-12100
In base 11, what is -4 - -489?
485
In base 8, what is 3 + 1127?
1132
In base 15, what is 3 + 208?
20b
In base 9, what is 4 + -180?
-175
In base 8, what is 3263 + 3?
3266
In base 8, what is 4 - -4764?
4770
In base 12, what is 4 + 1609?
1611
In base 5, what is 113 + -10?
103
In base 7, what is -152 + -4?
-156
In base 12, what is -10 + 203?
1b3
In base 16, what is -3 + c8?
c5
In base 16, what is -1df + 3?
-1dc
In base 3, what is 2 - 220210?
-220201
In base 6, what is 1 + -31245?
-31244
In base 14, what is -2 - -1476?
1474
In base 3, what is 1 + -12?
-11
In base 6, what is -202 - -203?
1
In base 14, what is 62c5 + 4?
62c9
In base 12, what is 5514 + -1?
5513
In base 8, what is 15132 + 0?
15132
In base 15, what is 539 - 5?
534
In base 5, what is -143 - 0?
-143
In base 14, what is -9 + -6?
-11
In base 9, what is -52 + 88?
36
In base 8, what is -7 + -1522?
-1531
In base 5, what is 0 - -204?
204
In base 11, what is -19 - -21?
3
In base 4, what is 1 + 1221?
1222
In base 15, what is c5 + 23?
e8
In base 9, what is 181 + -3?
177
In base 7, what is -130 - -1?
-126
In base 14, what is 1d + 58?
77
In base 12, what is 1 + 53b?
540
In base 5, what is 144 + 4?
203
In base 8, what is -273 - -2?
-271
In base 15, what is 4 - -1b?
20
In base 4, what is 102132 - 11?
102121
In base 16, what is 11 + 78?
89
In base 11, what is -37 - 3?
-3a
In base 2, what is 1 - 10110111011?
-10110111010
In base 3, what is 100 + -1?
22
In base 2, what is -10011 + -1110101?
-10001000
In base 5, what is 1 - 1132?
-1131
In base 10, what is -6 - 25?
-31
In base 2, what is 11 + -1010010?
-1001111
In base 12, what is -4 + 26?
22
In base 12, what is -2 + 17?
15
In base 9, what is -5010 - 0?
-5010
In base 7, what is -630 - -1?
-626
In base 11, what is -4 - 19?
-22
In base 10, what is -9 + 21?
12
In base 14, what is -3 + -5ad?
-5b2
In base 10, what is -201 - 3?
-204
In base 13, what is 1 - 8a?
-89
In base 7, what is 0 - 1255?
-1255
In base 10, what is 2618 - -2?
2620
In base 10, what is 19 - -18?
37
In base 7, what is -220 - -44?
-143
In base 16, what is 1b3 + 18?
1cb
In base 16, what is -2 - 561?
-563
In base 8, what is 4 - -24?
30
In base 5, what is 1 + -213?
-212
In base 16, what is 482 + 2?
484
In base 12, what is ab1b + 2?
ab21
In base 4, what is -23 + 0?
-23
In base 13, what is -35 + -3?
-38
In base 13, what is b538 + 4?
b53c
In base 7, what is 333 - 54?
246
In base 12, what is -5 + a9a?
a95
In base 8, what is 367 - 2?
365
In base 15, what is -1c - 28?
-45
In base 16, what is 34 + -59?
-25
In base 2, what is 0 - -1000010?
1000010
In base 9, what is -6340 - -1?
-6338
In base 11, what is 1 - -1a4?
1a5
In base 13, what is -6 + 10?
7
In base 16, what is -a15 - 9?
-a1e
In base 4, what is 1113121 + 0?
1113121
In base 14, what is -8c - -3?
-89
In base 5, what is -11422 + 3?
-11414
In base 9, what is 0 - -23?
23
In base 13, what is -7c - 4?
-83
In base 3, what is -10 + 1220011?
1220001
In base 9, what is 0 - -44?
44
In base 8, what is 607 - 3?
604
In base 7, what is -3 + 104?
101
In base 15, what is -202 - -6?
-1eb
In base 13, what is 1 - -1a?
1b
In base 7, what is -1 - -5563?
5562
In base 10, what is 1 + -167?
-166
In base 14, what is 1 + -23?
-22
In base 2, what is 0 + 1110010?
1110010
In base 15, what is 1 + 51?
52
In base 14, what is 918c - -1?
918d
In base 11, what is -1599 + 2?
-1597
In base 10, what is -4 - 20?
-24
In base 9, what is 70 + -62?
7
In base 3, what is 20 + 2001011?
2001101
In base 7, what is -15 - -562?
544
In base 5, what is 4 - 12321?
-12312
In base 3, what is -111 - 102?
-220
In base 4, what is -3 - 212?
-221
In base 7, what is -6 + -16?
-25
In base 6, what is -3 + 224?
221
In base 16, what is 9d + 26?
c3
In base 4, what is -203 - 3?
-212
In base 10, what is -8134 - -5?
-8129
In base 16, what is 56 - -5?
5b
In base 5, what is -10 - 12?
-22
In base 12, what is -1b03 + 0?
-1b03
In base 6, what is -130 - 15?
-145
In base 2, what is -101 - 1100000?
-1100101
In base 15, what is -2 - -53e?
53c
In base 9, what is 0 - 345?
-345
In base 4, what is 1 - -1022033?
1022100
In base 6, what is -43 - 5?
-52
In base 8, what is 3 - 22?
-17
In base 7, what is 6 + 140?
146
In base 13, what is -46 - 3?
-49
In base 10, what is -37 + -506?
-543
In base 6, what is 1 + -2?
-1
In base 15, what is -27c9 - 4?
-27cd
In base 2, what is -11 + -10011000?
-10011011
In base 2, what is -10101110 + 1111?
-10011111
In base 10, what is -4 + -80?
-84
In base 3, what is 12 - -100